or of s and l.
6
Let o(b) = -5*b + 44. Let p be o(10). Let s be (9*p/63)/((-2)/28). Calculate the highest common factor of s and 204.
12
Suppose -6*y + 432 = -2*y. Let l = 179 - 143. Calculate the greatest common factor of y and l.
36
Suppose 5*w - 5*g - 75 = 0, g - 57 = -3*w - 2*w. Let h(f) = -30*f**2 + 31*f**2 - 11*f - 8 + 26. Let n be h(w). Calculate the highest common factor of 6 and n.
6
Let s(q) = 2*q**2 - 58*q - 183. Let b be s(-3). What is the highest common factor of 3177 and b?
9
Let b be 22 + -8 - (-3 + -1). Let d be 306/81 + 4/b. Suppose 0*j = -2*j - d, 0 = -v + 5*j + 40. Calculate the greatest common divisor of v and 45.
15
Let r = 1289 - 1277. Calculate the highest common divisor of 54 and r.
6
Suppose -39*c = -696 - 1254. What is the greatest common divisor of 50 and c?
50
Suppose 7*h + 6 - 90 = 0. Suppose -4*l = -h, 0*f = 4*f + l - 643. Calculate the highest common divisor of 10 and f.
10
Let k be (-3 + (-4 - -8))/1. Let o be (-11)/11 + (k - -17)/2. Calculate the greatest common divisor of o and 2.
2
Suppose -2*u + 5*l = -27, -2*u + 9 = -l + 2. Let h be 85 + ((0/(-1))/2)/u. Calculate the highest common divisor of h and 17.
17
Let t(a) = -a**2 + 10*a - 22. Let g be t(5). Suppose g*k = -4*c + 702, -6*k + 1170 = -k - c. Calculate the highest common divisor of 18 and k.
18
Let d be (0/(-2 - 1))/(-6 + 4). Suppose -h + 15 = -d*h. Calculate the greatest common divisor of h and 60.
15
Suppose 2*n = -z + 28, -9*n + 6*n = -2*z - 49. What is the highest common factor of 12 and n?
3
Let s be 117*1*(-2)/(-6). Let n = 115 - s. Let h = n - 46. What is the greatest common factor of h and 10?
10
Let u be 5*((-2)/5 + 0). Let g be (u + 2/(-1))/(4/(-8)). What is the greatest common divisor of 16 and g?
8
Suppose -2*w + 7 = 4*o - 15, w = -5*o + 17. Let q be ((-63)/(-27))/(6/18). What is the highest common factor of q and w?
7
Suppose f = 6*f - 105. Suppose -5*w + p - 4 = 0, w - 2*w + 3*p = 12. Let c be -4*(-14)/4 + w. What is the highest common divisor of c and f?
7
Let m = -1235 - -1313. What is the greatest common factor of 39 and m?
39
Let o(a) = -a**2 - 13*a + 18. Let y be o(-12). Suppose y*u - 29*u = 39. Let r = u + -3. Calculate the highest common divisor of r and 12.
12
Let g be (-45)/(-10)*(-392)/(-4). What is the greatest common factor of g and 49?
49
Suppose 7*p + 2 + 5 = 0. Let t be (p - 69)*12/(-30). What is the greatest common divisor of t and 140?
28
Suppose -5*i = -4*l - 206, -l + 42 = i - 2*l. Suppose s + 3*m - m = i, 0 = 3*s - 3*m - 105. Calculate the highest common divisor of s and 18.
18
Let h(n) = -n - 1. Let y = 9 + -15. Let z be h(y). Suppose 4*g - 5*b - 12 = 0, -g + z*g - 28 = b. Calculate the greatest common divisor of 12 and g.
4
Suppose -v = 2*l - 35, 4*l - 9*v - 35 = -4*v. What is the highest common divisor of 615 and l?
15
Suppose 5*j = -d + 38, 3*d + d - 88 = -4*j. Calculate the highest common divisor of 288 and d.
18
Let l be (-1)/(-11) + (-14275)/(-275). What is the greatest common divisor of l and 13?
13
Let b(u) = -u**3 - 55*u**2 + 64*u + 453. Let f be b(-56). Suppose -5*o = -3*o - 4. Calculate the greatest common divisor of o and f.
1
Let o(q) = q**2 - 2*q + 7. Let r be o(5). Let y = -25 - -43. Suppose 13*g = y*g - 55. Calculate the highest common divisor of g and r.
11
Suppose 2 = x - 6. Suppose -d - x = -4. Let k(y) = -3*y + 3. Let l be k(d). What is the greatest common divisor of 3 and l?
3
Let l(j) = -4 + 3*j**2 + j + 3*j + 1 + j**3 + 3*j**2. Let o be l(-5). Suppose 26 = o*m - m. Calculate the greatest common divisor of m and 26.
26
Let l = 836 + -566. Suppose -l = 3*c - 8*c. What is the highest common divisor of c and 27?
27
Suppose -11*c + 2*c = -306. What is the greatest common divisor of 102 and c?
34
Suppose 5*y - 537 = -4*b, 6*b = 2*b + 4*y + 564. Calculate the highest common factor of 253 and b.
23
Suppose 0 = 3*h + 54 - 249. Calculate the greatest common divisor of 65 and h.
65
Let x(c) = -688*c - 4118. Let s be x(-6). Let p(l) = 14*l**3 - 3*l**2. Let q be p(2). What is the greatest common divisor of q and s?
10
Let u(i) = -72*i**2 + 5*i - 5. Let z(o) = -71*o**2 + 4*o - 4. Let w(g) = 5*u(g) - 6*z(g). Let v be w(1). Calculate the greatest common factor of v and 6.
6
Let s be (1 - 3)/(2/(-4)). Suppose 27 = 2*p - 3*b, 0 = -2*p - 5*b + s - 17. Let d be p/8 - (-265)/20. What is the greatest common divisor of d and 70?
14
Let a(g) = -4*g - 3. Let n be a(-7). Suppose 0 = 5*p - 3*p - 4. Suppose -h + 5*h = -p*i + 6, -2*i = -2*h - 12. Calculate the greatest common factor of i and n.
5
Let p = 2 - -5. Let b(a) = a**3 - 3*a**2 - 9*a - 1. Let i be b(5). Let g be (-5680)/(-272) + i/34. Calculate the greatest common divisor of g and p.
7
Let a(i) = -4*i + 4 - i + i + 7*i. Let q be a(3). What is the highest common factor of q and 65?
13
Let p = -20 - -25. Suppose -2*r + u = -p - 1, 0 = u. What is the highest common factor of r and 9?
3
Let o = -58 - -66. Calculate the highest common factor of o and 8.
8
Let l be (-16 - -24) + 1 + 1. Suppose 0 = 5*z - 3*z - l. Suppose -z*d = 10 - 100. Calculate the highest common factor of d and 54.
18
Let h(l) = -7*l - 81. Let p be h(-14). Let v be (1*(-884)/12)/(1/(-3)). What is the greatest common factor of p and v?
17
Let f be (1578/(-10))/((-3)/15). Suppose -5*z + 66 + f = 0. Calculate the highest common factor of z and 19.
19
Suppose -4*r = 3*d + 40, 33 = -3*r - d + 3. Let j = r - -14. What is the greatest common divisor of 12 and j?
4
Suppose -5*o + 210 = -4*o. Let l be 1 + ((-4)/(-1) - 4). Let t(r) = 23*r - 2. Let n be t(l). Calculate the greatest common factor of o and n.
21
Let c = 8 + 1. Suppose 4*f + 5*g = 2*f - 3, 0 = g + 1. Calculate the highest common divisor of c and f.
1
Let y(c) = 5*c**2 + 16*c + 3. Let b be y(-11). What is the greatest common divisor of b and 48?
48
Let z be (3 + -1)*(-6 - -6 - 1). Let t be 1/z - 301/(-2). What is the greatest common divisor of 30 and t?
30
Let y(q) = -q**3 + 9*q**2 - 7*q - 11. Let s be y(8). Let t be (64*-16)/(-4) + s. What is the highest common divisor of 23 and t?
23
Let v be (-174)/261 + (-7)/(-6)*4. Let t = -11 + 14. Suppose -4*n - 20 = -t*c, 0*c = 2*c + 2*n - 4. What is the highest common factor of c and v?
4
Suppose -10*l + 41 = 5*o - 7*l, o + 5*l = -5. Let g be (8/5)/((-8)/(-20)). Calculate the highest common factor of g and o.
2
Let n = 57 - 55. Let l be (2 + -1 - n/6)*12. Let v = 3 - -5. What is the highest common factor of l and v?
8
Let y = 649 - 250. What is the highest common divisor of y and 21?
21
Let y be 204/32 + (5 - 301/56). Calculate the highest common factor of y and 96.
6
Let t = 1334 - 694. What is the highest common factor of t and 10?
10
Suppose 0 = -2*m - 5*g + 15, -3*m + 5*g - 10*g = -25. What is the greatest common factor of 160 and m?
10
Suppose -2*u + 6*y = 11*y - 1088, 0 = 4*y. Calculate the greatest common divisor of 34 and u.
34
Let h be 102 + 2/(24/(-9) - -2). Let o = -18 + 16. Let k be ((-99)/22)/(1/o). Calculate the highest common factor of k and h.
9
Let u = 28 + -21. Suppose u*c - 28 = 56. Calculate the highest common factor of 60 and c.
12
Let h be -80*(-8 + (-8)/(64/(-24))). What is the greatest common factor of 16 and h?
16
Suppose 11 = -3*t + 26. Suppose -3*r - 4*x - t = -209, r + 5*x - 57 = 0. Calculate the greatest common factor of 8 and r.
8
Let f be 27/6*(-32)/12. Let w be (-40)/3*1*f. Calculate the greatest common divisor of w and 32.
32
Let p = -1301 + 1382. Calculate the highest common divisor of 567 and p.
81
Let t = -432 + 480. What is the highest common factor of 48 and t?
48
Suppose 4*h - 4798 = -2*l, 11*l = 2*h + 8*l - 2395. What is the greatest common factor of h and 11?
11
Let i(y) = -3*y**2 + 25*y + 2. Let k be i(7). What is the highest common factor of k and 110?
10
Let o be -94 + 96 + (-1 - -5). Calculate the greatest common factor of 1698 and o.
6
Let k(d) = -d**2 + 4*d + 23. Let h be k(-5). Suppose 0*r - 72 = -4*r. Let x = r - h. Calculate the highest common factor of 5 and x.
5
Let d = -19 + 14. Let m be -3 + -2 + (d - -2). Let g(r) = -r**2 - 9*r - 2. Let x be g(m). What is the greatest common divisor of x and 66?
6
Suppose 0 = -39*f + 66 + 246. Calculate the highest common factor of f and 32.
8
Let d(y) = -3*y**2 - 5*y - 4. Let c(m) = -m**2 - m - 1. Let j(l) = -4*c(l